**2 + 2*y + 3. Suppose 48 = 4*t + 4*i, 54 = 4*t + i + 6. Calculate the remainder when t is divided by v(b).
5
Let y(f) = 7*f**3 - f**2. Let d(o) = -4 + 18*o**2 - 10*o - 15*o**2 + 13 + 24*o. What is the remainder when d(-6) is divided by y(1)?
3
Let y be 2*(3 - (-5)/(20/(-16))). Calculate the remainder when 92 is divided by ((-255)/45)/(y/12) - 2.
28
Suppose -c - c = -2054. Calculate the remainder when 30 is divided by c/91 + (-2)/7.
8
Suppose 2*p = 3*x + 125, -4*x - 65 = -p - 15. Calculate the remainder when p is divided by 24.
22
Let h = 10 + -16. What is the remainder when 197 is divided by (21/5 + -3)*(-200)/h?
37
Suppose 2*u - 1294 = -4*q, -1294 = -4*u + 2*u - 2*q. What is the remainder when u is divided by 26?
23
Let y = 142 + -112. What is the remainder when 109 is divided by y?
19
Suppose -717 = -23*j + 157. Calculate the remainder when 111 is divided by j.
35
Suppose -4*y - 113*w + 110*w = -20, y + w - 4 = 0. Suppose 4*s - 71 = 3*s. What is the remainder when s is divided by y?
7
Let k = -95 - -118. What is the remainder when 37 is divided by k?
14
Suppose -60 = -5*x + 5*q, -2*x + 3*q + 25 = -0*x. Let d(y) = -2*y**2 - 57*y - 62. Calculate the remainder when d(-27) is divided by x.
8
Suppose 3 = -5*j + 6*j. Suppose -3*s - j*x = -99, 5*s = 3*s + 3*x + 46. Let t = 29 - 14. What is the remainder when s is divided by t?
14
Let i(r) = -3*r + 2. Let c be i(-3). Let o = c - 9. Suppose 2*y = -3*y + 2*a + 21, -o*a - 15 = -3*y. What is the remainder when 8 is divided by y?
2
Suppose -3*z + 71 = 5*k - 8, k + 5*z - 29 = 0. Let o = -34 + 72. What is the remainder when o is divided by k?
10
Let q(x) = 47*x**2 - 54*x - 217. Calculate the remainder when q(-4) is divided by 14.
9
Suppose 2*d - 4*j = 4, 3*d = d + 3*j - 1. Let x = 38 + d. Suppose t = 4*y - 49, -3*y + 28 = -0*t + t. Calculate the remainder when x is divided by y.
8
Let j = -20 - -29. Suppose -2*d + j - 5 = 0. What is the remainder when d is divided by 1?
0
Suppose 111*i - 93*i - 306 = 0. What is the remainder when 50 is divided by i?
16
Suppose -3*u = -98 + 38. Suppose 1 + u = -3*z. Let j(m) = -m**3 - 5*m**2 + 9*m - 1. Calculate the remainder when j(z) is divided by 6.
4
Suppose -15*y + 18*y - 203 = -2*p, 256 = 4*y - p. Calculate the remainder when y is divided by 17.
14
What is the remainder when 355/(-4)*32/(-5) is divided by 44?
40
Suppose -187 = -1950*j + 1933*j. Calculate the remainder when -12*(1 + 16/(-6)) is divided by j.
9
Calculate the remainder when (-49 - -51)/((-4)/(-318)) is divided by 4.
3
Suppose 4*u + 6 = -u - 4*n, 5 = -4*u - 3*n. Suppose p + 2*g = 19, -3*p + 4*p - 2*g - 11 = 0. What is the remainder when (1*-1)/(u/58) is divided by p?
14
Suppose 7*u = -5*u + 204. Calculate the remainder when 779 is divided by u.
14
Let m(s) = -16*s + 29. Calculate the remainder when 55 is divided by m(0).
26
Suppose 0 = 6*z - 5 - 19. Suppose 0 = -3*g - 3*w + 192, 13 = g + z*w - 48. Calculate the remainder when g is divided by 17.
14
Let h(j) = -j - 8. Suppose 0 = x - 6*x, 48 = -4*m - x. Let r be h(m). Let t(f) = 3*f**2 - 7*f + 2. Calculate the remainder when t(r) is divided by 8.
6
Suppose -3*v + 2*h + 1932 = v, -3*h + 1932 = 4*v. Calculate the remainder when v is divided by 18.
15
Let m(x) = -x**3 + 5*x**2 + 2*x - 1. Let z be m(5). Let a(j) = j**2 - 5*j - 11. Calculate the remainder when 99 is divided by a(z).
24
Suppose -d + 34 = d. Let a be 3/(12/(-28)) + -4. Let f = a + 43. What is the remainder when f is divided by d?
15
Suppose 3 - 2 = -q. Let b be q/(-6) - (-116)/24. What is the remainder when 41 is divided by 2 - (-14 - (3 - b))?
13
Let w be (3/2)/(9/12). Suppose 8*c = 6*c + 8. Suppose 0 = w*b - c - 0. What is the remainder when 5 is divided by b?
1
Let b(w) = 26*w - 22. What is the remainder when 78 is divided by b(1)?
2
Suppose -5*b - 3*w + 16 = 0, -b = b - 5*w + 6. Calculate the remainder when 5 is divided by (14 - 12)*(b + -1).
1
Let r = -56 + 87. Calculate the remainder when 555 is divided by r.
28
Calculate the remainder when (-5)/(55/(-2)) - (-513840)/440 is divided by 13.
11
Let a = 211 + -95. Let g be 2/2 + a + 3. Suppose 0 = -4*t + 48 + g. Calculate the remainder when t is divided by 15.
12
Let q = -499 - -515. What is the remainder when 49 is divided by q?
1
Suppose 10*v = -3*v + 1209. Calculate the remainder when v is divided by 47.
46
Suppose 6*s - 151 = 5. What is the remainder when -2*-1*101/2 is divided by s?
23
Calculate the remainder when 90 is divided by 3 - (-7)/3*6.
5
Calculate the remainder when 5 + 382 + 1 + -7 is divided by 77.
73
Suppose 4*s = -7*s + 4851. Suppose 5*r = -4*r + s. Calculate the remainder when r is divided by 14.
7
What is the remainder when 146 is divided by 28/6*(2 + 34/4)?
48
Let h(r) = 24*r**2 + 54*r + 52. Calculate the remainder when 747 is divided by h(-1).
21
Suppose 4*u = -164 + 1036. Calculate the remainder when u is divided by 55.
53
Suppose 1402 = 23*y - 392. Calculate the remainder when 230 is divided by y.
74
Suppose -4*c + 50*r - 46*r = -40, -c = r - 12. What is the remainder when 48 is divided by c?
4
Let i = -119 + 149. Calculate the remainder when 68 is divided by i.
8
Let z = -1122 + 1125. What is the remainder when 27 is divided by z?
0
Let z be (-75)/(-9) - 4/(-6). Let k = -82 - -94. Suppose 0 = -3*v - 5*y - z, -3*v + 3*y = y - k. Calculate the remainder when 6 is divided by v.
0
Suppose -3*a - 456 = -22*a. Calculate the remainder when 164 is divided by a.
20
What is the remainder when 5 + (-4 + 13 + -6)*48 is divided by 20?
9
Suppose -4*y = 5*q - 10*q - 156, 5*y - 4*q - 186 = 0. Let f(k) = k**2 - 27*k + 179. Calculate the remainder when y is divided by f(17).
7
Let z(k) = k - 3. Let d be z(6). Calculate the remainder when d - (-80 + -3 + 2) is divided by 17.
16
Let t = -1054 + 1106. What is the remainder when 638 is divided by t?
14
Let t(w) = w**3 + 4*w**2 - 2*w - 3. Let h = 416 + -409. What is the remainder when t(-3) is divided by h?
5
Let t(p) = p**3 + p. Let h(o) = 5*o**3 + o**2 + o + 1. Let d(k) = -h(k) + 2*t(k). Calculate the remainder when d(-2) is divided by (5 - 1) + 0/(-2).
1
Let y = 44 + -24. Let i(v) = 72*v - 68*v - v**2 + 19 + 6. Calculate the remainder when y is divided by i(6).
7
Let k = -338 - -376. Calculate the remainder when k is divided by (42/4)/3*6.
17
Calculate the remainder when 14 is divided by 1/2*(18 - 20)*-2.
0
Let w = 17 + -7. Let v(a) = -3*a**2 - 9*a - 5*a**2 + 9*a**2. What is the remainder when v(w) is divided by 4?
2
Suppose -n + b + 121 = 0, -7*n + 8*n - 3*b = 127. What is the remainder when n is divided by 10?
8
Let i = -697 - -704. Calculate the remainder when 375 is divided by i.
4
Let k(c) = -c + 10. Let g(v) = v. Let y(q) = 6*g(q) + 3*k(q). Calculate the remainder when y(22) is divided by 20.
16
Suppose q + 0 = 25. Suppose -39*r - 184 = -43*r. Calculate the remainder when r is divided by q.
21
Suppose -5*t + 24 = -t. Suppose 0 = 2*k - t*k + 60. What is the remainder when k is divided by 6?
3
Let v(o) = 28*o**2 + 32*o + 102. Calculate the remainder when v(-3) is divided by 62.
10
Let m = 1230 + -505. What is the remainder when m is divided by 27?
23
Suppose -20*t + 883 = -657. What is the remainder when t is divided by 40?
37
Let d be 39/(-15) - (-2)/(-5). Calculate the remainder when (-6 - (-80)/50)/((-2)/10) is divided by -6*1*(d + 2).
4
Suppose 5*s - 356 = -0*j - 4*j, 0 = -3*j - s + 267. Calculate the remainder when 177 is divided by j.
88
Let w = 744 - 701. Calculate the remainder when 59 is divided by w.
16
Calculate the remainder when 45 + (12 - (28 + -6)) is divided by 19.
16
Suppose 1307*j - 92 = 1303*j. What is the remainder when 79 is divided by j?
10
Suppose -n - 5*h + 2*h = 2, -5*n = -2*h - 58. Calculate the remainder when 17 is divided by n.
7
Let a(q) = 26*q + 222. Calculate the remainder when 89 is divided by a(-8).
5
Let u = -23 - -17. Let k(v) = v**3 + 6*v**2 - v - 10. Let p be k(u). What is the remainder when 35 is divided by ((-95)/10)/(2/p)?
16
Suppose -4*u = -u - 441. Suppose -101 = -2*c - v, u = 3*c - 7*v + 4*v. What is the remainder when c is divided by 13?
11
Let n = 937 - 927. Let p = 7 + -2. Calculate the remainder when n is divided by p.
0
Suppose -11 = -3*p + 10. Suppose q = p - 2. What is the remainder when 8 is divided by q?
3
Let a be 13 - (-2 - (-